 + 4. Let c = -17 - -12. Let o = -12 - c. Is m(o) a prime number?
False
Suppose -n = -5*y - 1200, -2*n + 0*n = -3*y - 713. Let a = -164 - y. Is a prime?
False
Is -970*((-4)/8 + 0) prime?
False
Let m(i) = -62*i + 4. Let g be m(4). Let s = 447 + g. Is s a prime number?
False
Suppose -4*d - 7 = -3. Suppose 4*s - 5*s = 2. Is (-136)/s + d/(-1) a composite number?
True
Let h(l) be the third derivative of -l**6/80 + l**5/30 - l**4/8 - 2*l**2. Let n(t) be the second derivative of h(t). Is n(-3) composite?
False
Let z(f) = f**3 + 6*f**2 - 3. Let k be z(-6). Let j be (99/(-4))/(k/8). Suppose -d = -3*d + j. Is d a composite number?
True
Let a(o) = o**2 - 5*o. Let t be a(4). Let r = 7 + t. Suppose 407 - 26 = r*c. Is c prime?
True
Let q = 42 - 21. Is q/(3 + -2) - 2 composite?
False
Let l(h) = -2*h + 14. Let a be l(7). Suppose a = 4*r - 45 - 107. Is r a composite number?
True
Let g(w) = w - 5. Let q be g(0). Let y(b) = b**2 - 6*b - 4. Is y(q) prime?
False
Let x(f) = -f**2 - 4*f - 1. Let z be x(-3). Let a(u) = 2*u. Is a(z) composite?
True
Let t = 2 + 28. Let k be (-9)/4*(-8)/(-2). Let a = t + k. Is a a composite number?
True
Let y(p) = -p**3 + 7*p**2 + 2*p - 1. Let l be (-8)/(-3)*(-18)/(-8). Let c be y(l). Suppose 4*s - c - 189 = 0. Is s a composite number?
False
Let c be 6/(-9)*(-9)/2. Suppose 2*j + j + r = 162, 274 = 5*j + c*r. Is j a composite number?
False
Suppose -2*n + 6 = n. Suppose n*i + 3*v = 4*i - 1, -5*i + v + 9 = 0. Is 10*11/i - 2 a composite number?
False
Suppose -5*i + 4*z = -34 - 6, 3*i = 2*z + 22. Suppose 0 = d - i*d - 42. Let w = -8 - d. Is w prime?
False
Let k be (3/1)/((-4)/(-4)). Suppose 163 = k*j - 2*j. Suppose 0 = -5*s + j + 642. Is s prime?
False
Is 39472/20 + 6/(-10) prime?
True
Let h = 18 + -10. Suppose 0 = -5*v + 27 + h. Is v a composite number?
False
Is (5 - 4)*1*87 a prime number?
False
Let k(c) = 14*c**2 - c + 1. Let r be k(1). Suppose 0 = 3*f + n - r, -4*f + 3*n - 2 = 1. Let x(q) = q**3 - q**2 + q + 2. Is x(f) composite?
False
Let c = 35 + 132. Is c a composite number?
False
Let z(o) = o**2 - 10*o + 10. Let d be z(10). Suppose -5*a - 2*h - 2 + d = 0, -2*h + 8 = 0. Suppose s = 5*c - 34, a = -c - 4*c + 3*s + 32. Is c a prime number?
True
Suppose 387 = 2*o + s - 358, 5*o = 5*s + 1870. Is o prime?
True
Suppose 3*s + 4*h = 3197, 3*s - 3*h - 3202 = -2*h. Is s a composite number?
True
Let p(o) = o + 5. Let j be p(0). Suppose -57 = -j*c + 13. Is c composite?
True
Suppose 416 = 2*x + 2*t, x + 26 = t + 240. Is x a composite number?
False
Suppose -5*s - 21 = 3*j, 2*s + 0*j - 3*j = 0. Is (1 + 0)/(s/(-489)) a prime number?
True
Let m(p) be the third derivative of -13*p**7/840 - p**3/3 - 3*p**2. Let h(u) be the first derivative of m(u). Is h(-1) a composite number?
False
Let i(y) = 2*y**2 + 9*y - 25. Is i(14) a prime number?
False
Let b(x) = -x**2 + 12*x - 8. Let p be b(11). Suppose 3*s = 3*t + 1179, t + 787 = -s + p*s. Is s a prime number?
False
Let v = -3270 + 4673. Is v a prime number?
False
Let m be (7 - 2 - 0)*1. Let r = m + -8. Let y = 114 + r. Is y a composite number?
True
Is 8215/15 - ((-4)/3 - -2) a composite number?
False
Let r(o) = o**3 - 4*o + 14. Is r(7) a composite number?
True
Let t(v) = -2*v**3 + 2*v**2 - 3*v - 5. Let d be t(4). Let u = 71 + d. Is (-40)/30*u/4 composite?
True
Let x be -3 + 3/(9/561). Is 3/15 + x/5 prime?
True
Let x(t) = -t**3 - 8*t**2 - 3*t + 6. Let w be x(-8). Suppose -r + w - 174 = 0. Let s = r + 213. Is s a composite number?
True
Let l = 215 + -81. Is l a prime number?
False
Suppose 0*s - 10140 = -4*s. Suppose -5*c + s = -400. Is c composite?
False
Let m = -3 + 5. Suppose 49 = m*r - r. Is r prime?
False
Let j(c) = c**3 + 9*c**2 - 10*c + 12. Let w be j(-9). Suppose 0 = i + 3, 0*l = -3*l - i + w. Is l prime?
False
Let i = -9 - 70. Is 9/3 + -3 - i a prime number?
True
Suppose -197 - 29 = -3*w + 5*f, 0 = -2*w + 3*f + 151. Is w a prime number?
False
Suppose -2*c - m + 75 = 3*c, -5 = -m. Let j = 9 + c. Is j a prime number?
True
Let v = -9 - -229. Suppose -w + v = 3*w. Is w composite?
True
Suppose 0 = 15*s - 7*s - 520. Is s a composite number?
True
Is (-2)/(1088/(-542) - -2) a composite number?
False
Let o(w) = 3*w**3 - 6*w**2 - 7*w. Let h be o(-5). Let u = 749 + h. Suppose u = 5*i + 4*j, i + 3*j - 63 = 5*j. Is i composite?
True
Let g(s) = 3*s**3 + 22*s**2 + 3*s + 1. Is g(-6) a composite number?
False
Suppose -4*y + 6873 - 2117 = 0. Is y prime?
False
Let t be ((-1)/3)/((-5)/75). Is (-1)/(-3)*(t - -88) a composite number?
False
Let m(n) = -n. Let o be m(-2). Suppose t - o - 2 = 0. Suppose -4*p - t = 0, p + 8 = 4*w - 145. Is w composite?
True
Suppose 3*y - 155 = -u, -4*y - 3*u + 196 = u. Let m = y + 108. Is m prime?
False
Suppose -5*z + 2 + 8 = 0. Let y(c) = -2*c**3 + 7*c**2 + 7*c + c**3 - z*c**2. Is y(5) composite?
True
Let h be (-1)/(-2)*(2 - 2). Suppose -z = -h*z. Let v(l) = l**3 - l**2 - l + 19. Is v(z) composite?
False
Let r(o) = o**3 - 9*o**2 - 11*o - 11. Let n be r(10). Let a = n + 80. Is a prime?
True
Let i = 0 - -1. Let z be (-1 + 1)*i/2. Let p = z - -6. Is p a composite number?
True
Suppose -p + 2*p - 1120 = -3*t, -5*p = 3*t - 1124. Is t composite?
False
Let h = 789 + -430. Is h composite?
False
Let f = 22 - 19. Is f composite?
False
Suppose 2*p = p. Suppose -4*z + p = -12. Suppose -3*m + 36 = 2*i, -17 - 22 = -z*m - 3*i. Is m a prime number?
False
Let k = -63 + 434. Is k a prime number?
False
Suppose 432 = 3*f + 4*o, -3*o = -2*f + 254 + 51. Suppose 3*r - 5*t = -t + f, -2*r + 2*t = -100. Suppose n + u - r = 0, -2*n + 113 = u - 2*u. Is n composite?
True
Let j(d) = d**2 + 4*d + 2. Let t be j(-4). Let p be t + (-1 + 3 - 34). Is (p + 8)*(-5)/2 prime?
False
Suppose 2*b + 61 = 3*g + 4*b, -3*g + 3*b = -36. Let s = 5 + g. Is s composite?
True
Let a be 0*(-4 + 22/6). Suppose a*y = 2*y - 230. Is y prime?
False
Let j be 5/(15/(-24)) - 1. Let g = 6 + j. Is (-2)/g + (-55)/(-3) prime?
True
Let u = 548 - 167. Let f = u + -262. Is f composite?
True
Suppose 0 = -5*h + 24 - 4. Suppose -d + h*i + 33 = 2*i, 0 = 2*d + i - 66. Is d prime?
False
Suppose -4*k = -4*h - 256, -5*h = -k + 294 + 10. Let c = h + 115. Is c prime?
False
Let l be (4/(-10))/(-1)*-5. Let z(k) = 1. Let d(s) = 12*s - 6. Let m(b) = -d(b) - 9*z(b). Is m(l) composite?
True
Let b = 12 - 5. Is b a prime number?
True
Let c = 666 - 31. Is c composite?
True
Let y(m) = m - 5. Let l be y(5). Suppose 2*z + 2*h = 48, -2*z + l*z = h - 45. Is z prime?
False
Suppose -d = -4*d - 3*s + 20691, 0 = -s - 2. Suppose -3*c + c = -2*x - 2754, -2*x + d = 5*c. Is c composite?
True
Let j(a) = -a**2 - 5*a - 9*a + 12 + 0*a**2. Suppose -5*y = -4*f - 26, -4*f - 4*y - 46 + 2 = 0. Is j(f) prime?
False
Is 2 - (-1 - (3 + 520)) prime?
False
Let j = 42 + 11. Is j a prime number?
True
Suppose -23*h = -14*h - 14913. Is h prime?
True
Let d be (-3*2)/(6/(-8)). Suppose d = g - 4*v - 7, 4*v = 4. Is g a prime number?
True
Let a = 16 - 9. Suppose 0 = u - a - 1. Let g(w) = 5*w - 1. Is g(u) composite?
True
Is 1/((4/4208)/((-1)/(-2))) a composite number?
True
Suppose -m = 4*m - 415. Is m composite?
False
Let l(a) = a**3 - 13*a**2 + 17*a + 20. Is l(17) a prime number?
False
Suppose -7 = -3*d + 5. Suppose -5*h + d*a = -435, h + 3*a + 167 = 3*h. Suppose -2*v - q = -237, v - 27 - h = -q. Is v composite?
True
Suppose -5*s + 2*h + 0*h + 2 = 0, -2*h + 8 = 0. Let d be (-16)/3*3/s. Is 6/(-1)*92/d a prime number?
False
Let o(y) = -9*y**3 + 2*y**2 + 3*y - 1. Let k be o(-3). Suppose -4*r - 4*z = -5*z - 281, k = 4*r + 5*z. Is r a prime number?
False
Let f(p) = 2*p**3 - 9*p**2 + 2*p + 4. Let n be f(9). Suppose 0 = -r + 2*u + 2*u - 239, 3*r + n = -5*u. Is r/(-7) + 4/(-14) composite?
True
Suppose 5*c + 4*s = 63, 3*c - 4*s = c + 42. Is c a prime number?
False
Suppose -11 = -4*j + 3*y, y = j - 6 + 2. Let c(f) = 3*f + 1. Let h be c(j). Is h + 3 + 24/2 a composite number?
False
Suppose 5*b = 20, 0 = -w - w + b - 36. Is 3 - w - (-2 - 1) a prime number?
False
Suppose a - 595 + 152 = 0. Let y = -256 + a. Is y a composite number?
True
Suppose 0 = 5*a + 4 - 39. Let j(s) = 2*s**3 - 10*s**2 + 3*s + 6. Is j(a) prime?
True
Suppose 17*w - 6663 = 14*w. Is w prime?
True
Let n(r) = 14*r**2 - 19. Is n(7) a composite number?
True
Suppose -11430 = -23*d - 2023. Is d a prime number?
True
Let u = -3793 - -6372. Is u a prime number?
True
Le